st common divisor of 58 and 7018?
58
Calculate the greatest common divisor of 132 and 876.
12
What is the highest common divisor of 22 and 17798?
22
Calculate the greatest common divisor of 510 and 6222.
102
Calculate the greatest common factor of 206 and 2.
2
Calculate the highest common factor of 1173 and 34.
17
What is the greatest common factor of 124 and 12?
4
Calculate the highest common divisor of 23698 and 164.
82
What is the greatest common factor of 253 and 22?
11
Calculate the highest common factor of 833 and 203.
7
What is the greatest common divisor of 412 and 2369?
103
Calculate the greatest common divisor of 25 and 285.
5
Calculate the greatest common divisor of 198 and 165.
33
Calculate the greatest common divisor of 432 and 54.
54
What is the greatest common factor of 58 and 638?
58
Calculate the greatest common divisor of 282 and 1269.
141
Calculate the greatest common divisor of 100 and 4.
4
Calculate the greatest common divisor of 22 and 11.
11
What is the greatest common factor of 6 and 32?
2
Calculate the highest common factor of 56 and 532.
28
What is the highest common factor of 80 and 144?
16
Calculate the highest common divisor of 12166 and 308.
154
Calculate the highest common divisor of 150 and 390.
30
What is the highest common divisor of 175 and 112?
7
What is the highest common divisor of 24 and 384?
24
Calculate the greatest common divisor of 242 and 7381.
121
Calculate the highest common divisor of 275 and 225.
25
Calculate the highest common divisor of 40994 and 796.
398
Calculate the greatest common divisor of 121 and 3113.
11
What is the greatest common factor of 279 and 527?
31
What is the highest common factor of 50 and 1310?
10
What is the greatest common factor of 6 and 1998?
6
Calculate the highest common factor of 21 and 51.
3
What is the highest common divisor of 408 and 153?
51
What is the greatest common divisor of 875 and 28?
7
What is the greatest common factor of 1349 and 57?
19
Calculate the greatest common factor of 183 and 976.
61
What is the greatest common divisor of 30 and 60?
30
What is the greatest common factor of 261 and 377?
29
What is the greatest common divisor of 60 and 852?
12
Calculate the highest common factor of 524 and 400.
4
What is the highest common divisor of 430 and 160?
10
What is the highest common factor of 943 and 82?
41
What is the greatest common divisor of 6 and 87?
3
Calculate the greatest common divisor of 12796 and 21.
7
What is the highest common divisor of 72 and 7416?
72
Calculate the highest common divisor of 665 and 285.
95
Calculate the greatest common divisor of 25 and 4475.
25
What is the highest common factor of 770 and 616?
154
Calculate the greatest common divisor of 10 and 110.
10
What is the greatest common divisor of 8 and 7216?
8
Calculate the greatest common factor of 55 and 185.
5
Calculate the highest common divisor of 670 and 20.
10
Calculate the greatest common factor of 12052 and 115.
23
What is the greatest common factor of 6128 and 48?
16
Calculate the greatest common divisor of 245 and 70.
35
Calculate the greatest common divisor of 266 and 3686.
38
Calculate the greatest common factor of 19188 and 52.
52
Calculate the highest common factor of 17490 and 22.
22
What is the highest common factor of 4605 and 33?
3
Calculate the greatest common divisor of 7488 and 96.
96
What is the highest common divisor of 9639 and 153?
153
Calculate the greatest common factor of 37 and 6401.
37
Calculate the highest common divisor of 68 and 68.
68
What is the greatest common factor of 2792 and 24?
8
What is the highest common factor of 77 and 110?
11
What is the highest common factor of 1662 and 30?
6
What is the highest common factor of 2592 and 153?
9
Calculate the greatest common factor of 22 and 8734.
22
Calculate the highest common divisor of 100 and 4.
4
What is the greatest common factor of 452 and 113?
113
What is the greatest common divisor of 110264 and 77?
77
Calculate the greatest common factor of 4575 and 375.
75
What is the greatest common divisor of 540 and 216?
108
What is the highest common factor of 59 and 531?
59
Calculate the greatest common factor of 918 and 850.
34
Calculate the greatest common divisor of 58 and 319.
29
What is the highest common divisor of 27 and 288?
9
What is the greatest common factor of 10100 and 200?
100
What is the highest common factor of 680 and 64?
8
What is the highest common factor of 4553 and 29?
29
What is the highest common divisor of 153 and 68?
17
Calculate the highest common factor of 14 and 2093.
7
What is the highest common factor of 132 and 1782?
66
What is the highest common divisor of 8 and 108?
4
What is the highest common factor of 572 and 242?
22
Calculate the highest common divisor of 51 and 11628.
51
Calculate the highest common factor of 57 and 912.
57
Calculate the greatest common factor of 330 and 2035.
55
Calculate the greatest common divisor of 250 and 40.
10
What is the greatest common factor of 387 and 86?
43
What is the greatest common divisor of 1216 and 384?
64
What is the highest common divisor of 14 and 196?
14
What is the greatest common divisor of 156 and 208?
52
What is the greatest common factor of 16 and 944?
16
What is the greatest common factor of 2805 and 825?
165
Calculate the greatest common factor of 348 and 216.
12
Calculate the greatest common divisor of 89 and 3827.
89
What is the highest common factor of 120 and 80?
40
Calculate the greatest common divisor of 435 and 6.
3
Calculate the highest common factor of 15 and 1515.
15
What is the greatest common factor of 1633 and 161?
23
Calculate the highest common factor of 139 and 3475.
139
Calculate the greatest common divisor of 29 and 551.
29
Calculate the highest common divisor of 1292 and 304.
76
Calculate the greatest common factor of 46 and 28750.
46
What is the highest common factor of 119 and 6324?
17
Calculate the greatest common divisor of 620 and 9.
1
What is the highest common divisor of 6852 and 60?
12
Calculate the highest common divisor of 350 and 210.
70
What is the highest common divisor of 4 and 2998?
2
Calculate the highest common factor of 210 and 11634.
42
Calculate the highest common factor of 14062 and 158.
158
Calculate the greatest common divisor of 304 and 5054.
38
Calculate the greatest common factor of 56 and 5012.
28
Calculate the greatest common divisor of 29744 and 528.
176
Calculate the highest common factor of 43 and 1892.
43
Calculate the greatest common factor of 119 and 35.
7
What is the highest common factor of 4640 and 348?
116
Calculate the highest common divisor of 26 and 4.
2
Calculate the greatest common factor of 1232 and 1008.
112
Calculate the highest common factor of 111 and 2627.
37
Calculate the highest common factor of 44 and 110.
22
Calculate the greatest common divisor of 2726 and 141.
47
Calculate the highest common divisor of 700 and 40.
20
What is the highest common factor of 760 and 3940?
20
What is the highest common divisor of 466 and 22?
2
What is the greatest common divisor of 370 and 5?
5
What is the greatest common factor of 779 and 76?
19
Calculate the highest common divisor of 403 and 26.
13
What is the highest common factor of 2627 and 213?
71
What is the greatest common factor of 132 and 44?
44
What is the greatest common factor of 11 and 1639?
11
Calculate the highest common factor of 782 and 68.
34
Calculate the greatest common factor of 220 and 650.
10
What is the highest common divisor of 225 and 180?
45
What is the highest common factor of 39 and 1885?
13
Calculate the highest common factor of 96 and 1552.
16
Calculate the highest common factor of 70 and 49.
7
What is the highest common divisor of 315 and 9?
9
Calculate the greatest common factor of 470 and 4042.
94
Calculate the greatest common factor of 82 and 205.
41
What is the highest common divisor of 156 and 7917?
39
Calculate the highest common divisor of 5 and 110.
5
Calculate the greatest common factor of 130 and 6825.
65
What is the greatest common factor of 16 and 432?
16
Calculate the highest common divisor of 245 and 343.
49
What is the greatest common divisor of 9 and 13?
1
Calculate the greatest common divisor of 851 and 23.
23
Calculate the highest common factor of 1218 and 126.